first derivative of -13*w**3/3 - w**2 + w - 178. Suppose 13*f - 21 = -8. What is t(f)?
-14
Let c(p) = -227*p**3 - 2*p**2 - 6*p**2 - 6*p + 116*p**3 - 2 + 109*p**3. What is c(-4)?
22
Let v be 20 + (1 - -2*20/(-8)). Let c(o) = -o**3 + 17*o**2 - 13*o - 20. Determine c(v).
28
Let k(o) = -o**2 - 5*o + 3. Let d be k(-5). Let s(x) = -2*x**3 - 18*x**2 + 18*x - 11. Let j be s(-10). Let t(h) = -h + 3*h + 13 - j. Determine t(d).
10
Let p(q) = -q**2 + 15*q - 1. Suppose 156*h = 177*h - 210. What is p(h)?
49
Suppose c - 5*s - 17 = 14, 4*c - s - 67 = 0. Suppose 0 = -c*h + 70 + 26. Let q(m) = -2*m + 2. Give q(h).
-10
Let f(p) = -p**3 + 13*p**2 - 13*p + 15. Let x = 18268 - 18257. Give f(x).
114
Let i be (9/(-4))/(-1) - 10/40. Suppose -n - 4 = i*n - 2*b, -2*b - 12 = n. Let u(y) = 3*y + 3. Calculate u(n).
-9
Suppose -7*s = -6*s - 138. Let z = s + -137. Suppose 0 = -d + 6 - z. Let i(w) = w**2 - 9*w + 7. Give i(d).
-13
Suppose 2*k + 3*k - 35 = 0. Suppose 4*c + 36 = -2*z + k*z, 27 = 4*z - 5*c. Let a(g) = z*g**2 + 1548 - 1547 - 4*g**3 + 9*g + 3*g**3. Calculate a(9).
1
Let s(h) = -11*h - 215. Let a(r) = -3*r - 56. Let v(q) = 23*a(q) - 6*s(q). Calculate v(7).
-19
Let k(y) = y**3 + 25*y**2 - 304*y + 60. Let c be k(-34). Let i = -1 + 3. Let z(d) = -i*d + 0*d + d - 6. Calculate z(c).
2
Let b(w) = 10 + 2*w**2 + 18 - 6*w - 28. Give b(3).
0
Let z = 10 - -25. Let g = z + -39. Let l(m) = -9*m**2 - 12*m - 1. Let q(a) = 5*a**2 + 7*a + 1. Let r(x) = 6*l(x) + 11*q(x). Calculate r(g).
1
Let n(a) = -a**2 + 11*a - 8. Let g = 71 - 66. Let v be (6 - 4 - -4)*g/3. Determine n(v).
2
Let d = -110 + 112. Suppose d = 2*q + 4*m, -4*q + 4 = -q + 5*m. Let s(t) = -t**3 + 3*t**2 - 3. Give s(q).
-3
Let z(u) be the second derivative of -3*u**3 + 4*u**2 - 1490*u. Determine z(6).
-100
Let z(x) be the second derivative of x**4/6 + 25*x**3/6 - 3*x**2 + x. Suppose -22214 = -13*v - 22383. What is z(v)?
7
Suppose 36*p - 76 = 38*p. Let a = -87 - -128. Let i = a + p. Let w(k) = k**2 - 3*k - 1. What is w(i)?
-1
Let b = 13940 + -13944. Let f(g) = -3*g + 8. What is f(b)?
20
Let i(t) = t**2 - 2*t + 69. Let x be i(0). Suppose -s = 4*c + 41, 72 = -5*s - 4*c - x. Let h be 10/s - 56/10. Let u(q) = q**2 + 4*q - 8. Give u(h).
4
Let m(w) be the third derivative of -w**5/20 - 5*w**4/24 + w**3/3 + 98*w**2. Let g(d) = -d**2 + 124*d - 712. Let u be g(6). Give m(u).
-26
Let g = 77 + -70. Suppose -5*d - g = -2*o, 2*o + 3*o - 2*d = 7. Suppose -a = 9 - o. Let x(m) = m**2 + 8*m + 8. Determine x(a).
8
Let s(l) = -25*l - 4 + l**3 - 2*l**3 + 18 + 15 - 23*l**2 + 36*l**2. What is s(11)?
-4
Suppose -5807*s - 5 = -5812*s. Let i(g) = -49*g**2 + g. What is i(s)?
-48
Let b(y) = y - 6. Let u be b(3). Let q(f) = -6*f**2 - f + 3*f - f + f**3 - 2*f + 8*f**2. What is q(u)?
-6
Let b(z) = 3*z - 20. Let w be (60/35)/(-12) + 7/(49/64). Determine b(w).
7
Let v(b) be the first derivative of 2*b**3/3 + 3*b**2/2 + b + 1. Let q = 1383 + -1396. Let a(y) = -2*y**2 - 31*y - 68. Let l be a(q). Give v(l).
10
Let b(v) be the third derivative of v**8/20160 - v**6/720 + v**5/3 + 28*v**2. Let u(j) be the third derivative of b(j). Let p = -2 + 4. Determine u(p).
3
Let s(b) be the third derivative of b**5/6 + 41*b**4/24 + b**3 + 293*b**2 - 2*b. Determine s(-4).
2
Let y = -5 + -2. Let c(k) be the first derivative of k**4/4 + 7*k**3/3 + 3*k**2 - 5*k - 34648. What is c(y)?
-47
Let r(h) = -h**2 - 18*h + 12. Let c be (-88)/6 - ((-20)/(-25))/(21/35). Give r(c).
44
Let p(y) = -68 - 3*y - 42 + 0*y + 3 + 9*y. Let z be p(18). Let q(s) = s**2 + 3*s - 1. What is q(z)?
3
Let g(b) = -10*b - 7. Suppose -5*w + 3 + 52 = -6*n, 2*n + 15 = w. Calculate g(n).
43
Let l(u) = 162 + 39*u + 28*u - 272 + 121*u - 267. Give l(2).
-1
Suppose -4*b + 12 = 5*h, b - 5 = h - 2. Let y(j) = j**2 - 3*j - 4. Let z be y(b). Let c(d) be the third derivative of d**4/12 - d**3/2 + 3*d**2. What is c(z)?
-11
Let y(i) = -4*i**3 + 2*i - 2*i - 10*i + 4*i + 3 + 3*i**3 - 9*i**2. Calculate y(-6).
-69
Let l(c) = -3*c - 5*c**3 + 11*c**3 - 5*c**3 - 1111 - 11*c**2 + 1090. Determine l(11).
-54
Let q = -37 + 38. Let i be (1*(-4)/(-4))/q. Let y(z) = -z**2 + z + 1. Give y(i).
1
Let x(n) = -6 + 31*n**3 - 88*n**3 + 56*n**3 + n**2. Let v be ((-3)/(-5))/((-9)/(-45)). Let h = -3 + v. Determine x(h).
-6
Let f be 926/10 + (-32)/(-80). Let t(v) = -f*v**2 + 3*v + 47*v**2 + 6 + 45*v**2. Give t(5).
-4
Suppose -193 = 4*y - 3*l - 201, 3*l = 3*y - 9. Let g(j) = 0*j**2 + 7*j + j**2 - 6*j - 2*j**2. Determine g(y).
-2
Let d = -18967 - -18955. Let v(w) = -w**2 - 5*w + 78. Determine v(d).
-6
Let h(w) = 4*w**2 - 91*w + 29. Let b(n) = n**2 - 17*n + 1. Let a(f) = -5*b(f) + h(f). Determine a(-8).
8
Let i(x) = -2 - 6*x**2 - 2*x - 4*x**3 + 8*x + 3*x**3. Let z(k) = -6*k + 125. Suppose 3*o - 64 = -28*l + 27*l, 4*o + l = 86. Let q be z(o). What is i(q)?
5
Suppose o = -83 - 127. Let i be (-2)/(-15) - 1232/o. Let j(t) be the third derivative of -t**6/120 + t**5/10 - t**4/12 + 5*t**3/6 - 2*t**2 - 14. What is j(i)?
-7
Let v(p) = -p**3 - 10*p**2 + 9*p - 2. Let m(f) = -4*f**3 - 42*f**2 + 36*f - 9. Suppose -h - 3 = -w, -9 = -4*w - 0*h + h. Let z(y) = w*m(y) - 9*v(y). Give z(-7).
14
Let z(q) = -q**3 + 5*q**2 + 55*q + 21. Let r be z(-5). Let i(u) = -u + 1. Let s(t) = t**2 + 7*t - 3. Let y(d) = -2*i(d) - s(d). Give y(r).
5
Let j(f) = 93591*f - 187156*f - f**3 + 5*f**2 - 33 + 93580*f. What is j(6)?
21
Suppose -35*w - 74 = 76 + 60. Let h(q) be the first derivative of q**3/3 + 3*q**2 - q - 1. Determine h(w).
-1
Suppose -113*z - 638 = 944. Let y(r) = r**2 + 23*r + 27. Calculate y(z).
-99
Let p = 2 + 17. Suppose r = 5*i + 26, -7 = -5*r - i + p. Let x(s) = -4*s - 24 + 22 + 25*s**2 - 24*s**2. Calculate x(r).
10
Let d(o) = 2*o**2 - 16*o - 21. Suppose -4*p = -6*p - 20*f + 78, -5*p + 30 = -5*f. What is d(p)?
-3
Let q(z) = 16*z - 56. Let w be q(4). Let u(c) = 2*c**2 - 8*c + 1. Let f(t) = 3*t**2 - 12*t + 2. Let d(a) = w*u(a) - 5*f(a). Determine d(5).
3
Let w(y) = 14*y - 49. Let c be w(4). Let n(f) = -c*f - 5 + 5 - f**2 + 3 - 8. What is n(-4)?
7
Let t = -37920 - -37916. Let s(r) = -4*r + 4 - 2*r**2 + 2*r**2 - r**3 - 5*r**2. Determine s(t).
4
Let f(k) = 31 + 124*k - 34 - 21 - 29 - 95*k - 3*k**2. Determine f(2).
-7
Let r = -425 - -427. Suppose 5*d - 29 = -2*q + 1, -r*q - 4*d + 26 = 0. Let n(l) = -l**2 + 6*l - 4. What is n(q)?
1
Let c(g) be the third derivative of g**5/60 + g**4/4 + 7*g**3/6 + 4*g**2 + 49*g. Calculate c(-4).
-1
Let b(s) = -s**3 + 8*s**2 - 6*s. Let t = -348 + 351. Suppose -5*i + 26 = t*g, -8 - 4 = -2*i - 2*g. What is b(i)?
40
Suppose -34*f = 21*f - 8*f - 188. Let w(x) be the first derivative of 1/4*x**f + 5/3*x**3 - 3/2*x**2 + 30 + 6*x. Give w(-6).
-12
Let f be -5 + 9 + -4 - -5. Let m(l) = 728*l + f - 729*l - 1. Determine m(2).
2
Let k = 331 + -643. Let c = -315 - k. Let f(q) = -q**3 - 3*q**2 - q + 1. What is f(c)?
4
Suppose -4*t = 4*u - 280, -u - 5*t = 6 - 60. Let l(k) = u*k**2 + 76*k**2 + 77*k**2 - 309*k**2 + 10 + 81*k**2 - 5*k. Give l(-6).
4
Let j(q) be the third derivative of -q**4/2 - 37*q**3/6 - 347*q**2. Calculate j(-3).
-1
Let n(s) = -5*s**2 + 5*s + 6. Let l(p) = -8*p + 2*p - 596 + 5*p**2 + 588. Let c(u) = 2*l(u) + 3*n(u). What is c(-1)?
-6
Let x = -3926 + 3935. Let q(f) = -f**2 + 15*f - 7. Calculate q(x).
47
Let x(s) = 4*s**2 - 2*s - 8. Suppose 2*r = -10*v - 0*r - 70, 2*v = -3*r - 27. Determine x(v).
148
Let a(t) = -178*t - 184*t - 3*t**2 + 6*t**2 + 361*t + 9. Determine a(5).
79
Let c(w) = -2*w**3 + 3*w**2 - 3*w + 1. Suppose 0 = -4*g + 2*r - 127 + 605, 5*r - 499 = -4*g. Let i = g + -64. Let k be (38/i)/((-1)/(-3)). Give c(k).
-9
Let b(g) = 5*g - 6. Let r be b(3). Let w = -9 + r. Suppose -x = z - 3*z + 3, w = x + 3*z - 12. Let i(a) = 3*a - 2. Calculate i(x).
7
Let k = 2326 + -2343. Let x(h) = h**3 + 18*h**2 + 17*h - 8. Determine x(k).
-8
Let k(w) be the third derivative of -7*w**4/12 - 25*w**3/2 + 7*w**2 + 4*w - 4. Determine k(-5).
-5
Let c(w) = w**2 - 5*w - 3. Let x(f) = 1. Let n(y) = y - 6. Let a(v) = -n(v) + 2*x(v). Let k be a(5). Suppose -k*g = h - 17, h = 3*g + 4*h - 27. Determine c(g).
-7
Suppose 24203*a + 4 = 24202*a. Let n(g) = g**3 + 4*g**2 + 4*g + 4. Give n(a).
-12
Let v(w) = -w**3 + 4*w**2 + 4*w - 6. Let l(f) be the third derivative of -25*f**4/12 + f**3/3 + 27*f**2. Let t be l(1). Let m = 52 + t. Determine v(m).
10
Suppose 3*a + 73